is the hundreds digit of 10035?
0
What is the hundreds digit of 1608?
6
What is the ten thousands digit of 62382?
6
What is the ten thousands digit of 25602?
2
What is the units digit of 742?
2
What is the tens digit of 1414?
1
What is the tens digit of 24180?
8
What is the units digit of 1098?
8
What is the hundreds digit of 111090?
0
What is the tens digit of 38?
3
What is the tens digit of 45686?
8
What is the tens digit of 9869?
6
What is the tens digit of 61060?
6
What is the units digit of 10657?
7
What is the tens digit of 45509?
0
What is the hundreds digit of 166587?
5
What is the tens digit of 43926?
2
What is the tens digit of 838?
3
What is the tens digit of 3536?
3
What is the thousands digit of 22978?
2
What is the units digit of 2610?
0
What is the ten thousands digit of 35512?
3
What is the hundreds digit of 2322?
3
What is the units digit of 12446?
6
What is the hundreds digit of 9924?
9
What is the thousands digit of 6340?
6
What is the units digit of 1?
1
What is the hundreds digit of 2896?
8
What is the thousands digit of 1327?
1
What is the units digit of 2585?
5
What is the tens digit of 51721?
2
What is the units digit of 5719?
9
What is the hundreds digit of 5458?
4
What is the thousands digit of 39068?
9
What is the hundreds digit of 2361?
3
What is the thousands digit of 2467?
2
What is the hundreds digit of 959?
9
What is the thousands digit of 2066?
2
What is the tens digit of 1957?
5
What is the tens digit of 1985?
8
What is the units digit of 1036?
6
What is the hundreds digit of 2313?
3
What is the thousands digit of 10571?
0
What is the thousands digit of 22227?
2
What is the hundreds digit of 19842?
8
What is the hundreds digit of 893?
8
What is the hundreds digit of 1297?
2
What is the tens digit of 3945?
4
What is the units digit of 3515?
5
What is the hundreds digit of 3589?
5
What is the ten thousands digit of 124531?
2
What is the units digit of 528?
8
What is the thousands digit of 1268?
1
What is the hundreds digit of 95561?
5
What is the tens digit of 1239?
3
What is the thousands digit of 6153?
6
What is the tens digit of 158?
5
What is the ten thousands digit of 42032?
4
What is the ten thousands digit of 89128?
8
What is the ten thousands digit of 97001?
9
What is the hundreds digit of 37010?
0
What is the thousands digit of 17202?
7
What is the tens digit of 3095?
9
What is the units digit of 1206?
6
What is the hundreds digit of 33436?
4
What is the thousands digit of 22070?
2
What is the tens digit of 1730?
3
What is the tens digit of 5231?
3
What is the tens digit of 674?
7
What is the units digit of 3817?
7
What is the hundreds digit of 1525?
5
What is the ten thousands digit of 73290?
7
What is the units digit of 1195?
5
What is the hundreds digit of 5060?
0
What is the tens digit of 17196?
9
What is the hundred thousands digit of 167413?
1
What is the hundreds digit of 492?
4
What is the units digit of 1581?
1
What is the tens digit of 2355?
5
What is the ten thousands digit of 15342?
1
What is the tens digit of 5540?
4
What is the hundreds digit of 864?
8
What is the units digit of 271?
1
What is the hundreds digit of 1999?
9
What is the thousands digit of 1797?
1
What is the ten thousands digit of 71759?
7
What is the ten thousands digit of 28471?
2
What is the hundreds digit of 1586?
5
What is the hundreds digit of 2147?
1
What is the tens digit of 9973?
7
What is the tens digit of 10471?
7
What is the units digit of 1562?
2
What is the hundreds digit of 3026?
0
What is the units digit of 441?
1
What is the hundreds digit of 109423?
4
What is the thousands digit of 2483?
2
What is the units digit of 9465?
5
What is the thousands digit of 7113?
7
What is the tens digit of 4255?
5
What is the ten thousands digit of 14744?
1
What is the hundred thousands digit of 114706?
1
What is the tens digit of 33824?
2
What is the tens digit of 128193?
9
What is the hundreds digit of 52492?
4
What is the ten thousands digit of 138920?
3
What is the units digit of 1868?
8
What is the hundreds digit of 14525?
5
What is the tens digit of 17834?
3
What is the thousands digit of 4438?
4
What is the units digit of 948?
8
What is the hundreds digit of 112?
1
What is the units digit of 681?
1
What is the tens digit of 2372?
7
What is the units digit of 33613?
3
What is the tens digit of 3292?
9
What is the tens digit of 11951?
5
What is the units digit of 566?
6
What is the hundreds digit of 13465?
4
What is the tens digit of 17236?
3
What is the hundreds digit of 2901?
9
What is the units digit of 8967?
7
What is the units digit of 5891?
1
What is the thousands digit of 19877?
9
What is the units digit of 3030?
0
What is the tens digit of 4977?
7
What is the thousands digit of 17029?
7
What is the hundreds digit of 743?
7
What is the hundreds digit of 1270?
2
What is the tens digit of 1705?
0
What is the tens digit of 1372?
7
What is the units digit of 4449?
9
What is the tens digit of 429?
2
What is the tens digit of 1054?
5
What is the units digit of 742?
2
What is the hundreds digit of 58320?
3
What is the thousands digit of 5982?
5
What is the thousands digit of 2222?
2
What is the units digit of 415?
5
What is the hundreds digit of 244?
2
What is the tens digit of 109691?
9
What is the hundreds digit of 506?
5
What is the units digit of 869?
9
What is the hundreds digit of 3818?
8
What is the units digit of 20104?
4
What is the hundreds digit of 2232?
2
What is the hundreds digit of 30870?
8
What is the units digit of 5478?
8
What is the units digit of 1936?
6
What is the tens digit of 1121?
2
What is the tens digit of 18771?
7
What is the tens digit of 2129?
2
What is the tens digit of 416?
1
What is the hundreds digit of 2827?
8
What is the hundreds digit of 4062?
0
What is the thousands digit of 2553?
2
What is the hundreds digit of 4785?
7
What is the units digit of 30?
0
What is the units digit of 2988?
8
What is the hundreds digit of 2178?
1
What is the thousands digit of 2796?
2
What is the tens digit of 833?
3
What is the tens digit of 12297?
9
What is the hundreds digit of 1193?
1
What is the units digit of 7998?
8
What is the units digit of 3734?
4
What is the tens digit of 837?
3
What is the tens digit of 6408?
0
What is the tens digit of 688?
8
What is the thousands digit of 52812?
2
What is the hundreds digit of 239?
2
What is the thousands digit of 1882?
1
What is the units digit of 4702?
2
What is the hundreds digit of 25504?
5
What is the tens digit of 1681?
8
What is the thousands digit of 1890?
1
What is the tens digit of 955?
5
What is the tens digit of 5791?
9
What is the thousands digit of 57912?
7
What is the hundreds digit of 29622?
6
What is the units digit of 1542?
2
What is the thousands digit of 15666?
5
What is the tens digit of 147272?
7
What is the hundreds digit of 5038?
0
What is the units digit of 2036?
6
What is the ten thousands digit of 32902?
3
What is the units digit of 5792?
2
What is the thousands digit of 16803?
6
What is the hundreds digit of 4184?
1
What is the units digit of 67?
7
What is the hundreds digit of 52261?
2
What is the hundreds digit of 2508?
5
What is the ten thousands digit of 35205?
3
What is the tens digit of 8703?
0
What is the units digit of 10094?
4
What is the thousands digit of 5010?
5
What is the hundreds digit of 1207?
2
What is the ten thousands digit of 104060?
0
What is the units digit of 122?
2
What is the units digit of 34708?
8
What is the thousands digit of 27215?
7
What is the tens digit of 36006?
0
What is the thousands digit of 1163?
1
What is the hundreds digit of 1036?
0
What is the units digit of 99294?
4
What is the units digit of 1111?
1
What is the hundreds digit of 15691?
6
What is the tens digit of 38351?
5
What is the ten thousands digit of 35528?
3
What is the tens digit of 1313?
1
What is the hundreds digit of 59621?
6
What is the units digit of 3199?
9
What is the hundreds digit of 107305?
3
What is the tens digit of 1312?
1
What is the tens digit of 10184?
8
What is the hundreds digit of 9085?
0
What is the thousands digit of 5785?
5
What is the hundreds digit of 3267?
2
What is the tens digit of 913?
1
What is the thousands digit of 8431?
8
What is the hundreds digit of 215?
2
What is the units digit of 2426?
6
W